et z = -3 - k. Let u = 15 - -3. What is the greatest common factor of u and z?
3
Suppose 0 = -q - 4*k - 5, 0*q + 55 = 5*q + 4*k. Let w be (-6 - (-126)/q)*(-40)/(-3). Calculate the greatest common factor of 16 and w.
16
Suppose w - 3*u - 38 = 8, -3*u = -2*w + 86. Suppose -2*v - 17 = d - w, 0 = 5*v - 25. Calculate the greatest common divisor of 26 and d.
13
Let z = 132 - 48. Let t(f) = 2*f**2 - f - 24. Let o be -2 + (-1 - 9)/5. Let q be t(o). Calculate the highest common factor of z and q.
12
Let f be (20/(-5) + 3)*-20. Let x(t) = -11*t - 2. Suppose -6 = 3*s - 0. Let h be x(s). Calculate the greatest common divisor of f and h.
20
Let m(r) = r**2 + 43*r + 88. Let q be m(-41). Suppose 0*k = k - 6. Calculate the greatest common divisor of k and q.
6
Suppose 2*j + 0 = 2. Let g be 3/(3 + -4 + 4). What is the highest common divisor of g and j?
1
Let i be 2 + 2 + (-12)/3. Let b be i - (-2 - (-1 - -2)). What is the greatest common divisor of 39 and b?
3
Suppose c = 2*c - 16. Let p = 165 + -166. Let j be p/((-10)/12*(-33)/(-110)). What is the greatest common divisor of c and j?
4
Let j(b) = 5*b + 3. Let i be j(5). Let k(m) = m**2 + 33*m + 60. Let p be k(-32). Calculate the greatest common divisor of p and i.
28
Let h = -8 + 45. Calculate the highest common divisor of h and 37.
37
Let n(i) = 2*i**2 + 31*i + 28. Let m be n(-15). Suppose d - 696 = -2*d. Suppose 93 = 5*f - d. Calculate the greatest common factor of f and m.
13
Suppose -x - 143 + 278 = 0. Suppose -3*p + 37 = 436. Let d be p/(-5) - (-8)/20. Calculate the highest common divisor of x and d.
27
Let p be (-1 - 3716/(-16)) + 7/(-28). Calculate the highest common divisor of 168 and p.
21
Let n(x) be the first derivative of -x**4/2 - x**2/2 + 15*x + 7. Let v be n(0). What is the highest common factor of v and 165?
15
Let n be 298/5 - 4/(-10). Let g = 1751 + -1661. Calculate the highest common divisor of n and g.
30
Let p(x) = 2*x**2 + 5*x + 39. Let g be p(13). Calculate the greatest common divisor of g and 26.
26
Suppose 234 = -12*n + 6*n. Let j = -28 - n. Calculate the highest common factor of j and 88.
11
Suppose 345*a - 338*a - 126 = 0. Let n(q) = 3*q**2 - 4*q - 5. Let c be n(4). What is the highest common divisor of a and c?
9
Let w = -5 - -15. Let a = 0 + 3. Suppose 0 = 7*k - a*k - 20. Calculate the greatest common factor of k and w.
5
Suppose -18*r - 4*g + 272 = -16*r, -4*r = 5*g - 532. What is the highest common divisor of 176 and r?
16
Suppose 0 = -0*g + 3*g + 2*y - 2192, 4*y = 4. What is the greatest common divisor of 10 and g?
10
Let s(t) = -8*t - 118. Let a be s(-15). Calculate the highest common divisor of a and 18.
2
Let j = -39 - -66. Suppose d = 0, 0 = -v + d + 3*d + j. Calculate the highest common divisor of v and 9.
9
Let i(t) = 2*t**2 - 27*t - 105. Let g be i(-4). Suppose 0*h - 5*h - 180 = -5*d, -d - 5*h = -30. Calculate the greatest common divisor of g and d.
35
Suppose 15*f - 36 = 12*f - 3*z, z + 2 = 0. Calculate the highest common factor of f and 2.
2
Suppose -y + 105 = 3*h, 5*h + 150 = 2*y - 115. What is the highest common divisor of 50 and y?
10
Let s be (-1)/1 + ((-12)/3 - 2). Let p be (-5 - s) + 1 + 14. What is the greatest common factor of 68 and p?
17
Let k(l) = -l**2 + 23*l - 6. Let f be k(14). What is the highest common factor of 60 and f?
60
Let t be 4 - 8 - -6 - 0. Let n = 40 + -37. What is the highest common divisor of t and n?
1
Suppose 4*p - 1934 = 2*v - 364, -3*v = 3. What is the greatest common divisor of p and 112?
56
Suppose 324 = 43*j - 40*j. What is the greatest common divisor of j and 24?
12
Let k = -33 - -46. Suppose 0 = -2*y - 3*w - 29, 5*w + 5 + 6 = 2*y. Let v(d) = 2*d**2 + 6*d + 9. Let o be v(y). Calculate the highest common factor of o and k.
13
Let n be ((-144)/(-132))/(-12) - (-794)/22. Calculate the highest common factor of 144 and n.
36
Let u = 4 - 0. Suppose -u = 2*b - 8. Calculate the greatest common divisor of 22 and b.
2
Let m = -294 - -299. Suppose 0*j + 80 = 4*j. What is the highest common divisor of m and j?
5
Let h(v) be the second derivative of v**4/12 - v**3/2 + v**2 - 4*v. Let l be h(4). Let t = 1 + l. What is the highest common divisor of t and 56?
7
Let c be 0 + (-1 - 1) + (-1584)/22. Let m = c - -96. Let n(o) = -o**3 - 5*o**2 - 6*o - 6. Let d be n(-6). What is the greatest common factor of d and m?
22
Let x be 1*3 + -14 + 13. Suppose -4*n = -x*n - 2*k + 4, 1 = 4*n - k. Let d be (-40)/100*(-20)/n. What is the greatest common divisor of d and 8?
8
Let t be (4647 - 1)*(25/(-10))/(-5). What is the greatest common factor of t and 101?
101
Let s(z) = 254*z + 12. Let m be s(1). Calculate the greatest common divisor of 14 and m.
14
Let u = 30 - 24. Suppose n + u = 4*n. Calculate the greatest common divisor of 2 and n.
2
Let c(q) be the third derivative of q**5/30 + 3*q**4/8 - 7*q**2. Let d be c(-6). Let l be ((-297)/55)/(3*(-1)/10). What is the highest common factor of d and l?
18
Let q(p) = -p**2 - 10*p + 12. Let f be q(-10). Suppose -3*h + f = -0*h. Suppose 2*b = h*b - 108. Calculate the highest common factor of 135 and b.
27
Let t = -17 + 35. Let x = -73 - -127. What is the highest common factor of t and x?
18
Let k = -51 + 71. Let t = 25 - k. What is the greatest common divisor of 35 and t?
5
Suppose 32*l - 8*l = 3024. Calculate the highest common factor of 27 and l.
9
Suppose -3*t + n + 1017 = 26, t = -4*n + 313. What is the greatest common divisor of t and 94?
47
Suppose 5*r - 26 = -1. Suppose 0 = 4*m - m - 261. Suppose -r*q + 3 = -m. What is the highest common factor of 2 and q?
2
Suppose -2*k - 2*k + 331 = r, -5*r = 5*k - 395. Let m(u) = 3*u**3 - 61*u**2 + 19*u + 32. Let o be m(20). What is the highest common divisor of k and o?
12
Let d(p) = 7*p + 1. Let t be d(2). Suppose 5*w = 2*w + t. Suppose 3*z + 5*a = 35, 0 = -5*z - 3*a + 30 + 39. Calculate the highest common factor of z and w.
5
Let z(b) = 3*b**2 - 4*b + 1. Suppose -2 + 14 = 4*u, -5*d - 18 = -u. Let c be z(d). What is the greatest common factor of c and 8?
8
Let q = 4434 - 4430. Suppose -4*t + 102 = 14. Calculate the highest common divisor of q and t.
2
Let c(m) = -m**3 + 10*m**2 + 3*m - 19. Let j be c(10). What is the greatest common divisor of j and 11?
11
Suppose 8 = -5*o + 4*h - 17, -3*o + 4*h = 7. Let y be 5*((-11)/(-33))/((-1)/o). What is the highest common factor of 6 and y?
3
Let c be 30 + (0/(-5) - 4). What is the greatest common divisor of 104 and c?
26
Suppose -1731 = -3*a - 171. Suppose -6*g + 50 = -a. Suppose 3*p - 4*b + 0*b - 114 = 0, 5*p = 4*b + 190. What is the highest common factor of p and g?
19
Let b be ((-45)/6 + 3)/(354/(-944)). Let w be (25 + -1)/(2/7). What is the highest common divisor of b and w?
12
Let s = -319 - -419. Calculate the highest common divisor of 75 and s.
25
Suppose 0*i - 5*i - 5 = 0, -3*i + 141 = -3*z. Let g be (z/(-10))/(1/5). Let b = 690 - 687. What is the highest common divisor of g and b?
3
Suppose -2*c + 0*c - v + 19 = 0, c - 3*v - 27 = 0. Calculate the highest common factor of 444 and c.
12
Let c(y) = -6*y - 11. Let d be c(-11). Suppose -d = -3*f - 5*b, -2*f - 14 = b - 53. Calculate the highest common factor of 220 and f.
20
Let h = 211 - 178. Calculate the greatest common factor of h and 3.
3
Let h(r) = 2*r. Let k be h(-1). Let l be (6/8)/(k/(-48)). Let p = l + -4. What is the greatest common factor of p and 14?
14
Let m = 101 - -32. Let u be m - (10/(-4) - 5/(-10)). What is the greatest common divisor of 45 and u?
45
Let z = -250 - -450. Calculate the greatest common divisor of z and 60.
20
Let n be 2/(-7) + 297584/196 - 0. Calculate the greatest common divisor of n and 33.
33
Let a be (70 - 2)/(4/2). Suppose 20*j = 18*j + a. Calculate the greatest common divisor of j and 34.
17
Let c(a) = -17*a**2 + 4*a + 2. Suppose -8*l = 8 + 16. Let t be c(l). Let f = 233 + t. Calculate the greatest common divisor of f and 10.
10
Suppose 2*q + 85 = 2*j + 351, -5*j = -3*q + 405. Calculate the greatest common divisor of q and 65.
65
Let a(w) = w**3 - 12*w**2 + 10*w + 2. Let p = 6 - -5. Let r be a(p). Let d = r + 37. Calculate the greatest common factor of d and 252.
28
Suppose -11*n + 282 - 84 = 0. Calculate the highest common divisor of 27 and n.
9
Suppose l - 2*o - 16 = 0, 3*l + 34*o = 33*o + 34. What is the greatest common factor of 652 and